?
3
Let w(p) = 6*p**2 + 3*p + 15. Let q be w(-4). Suppose -q = 18*t - 6705. What are the prime factors of t?
367
List the prime factors of -10 + 3 + 3104 - 9.
2, 193
What are the prime factors of (-4 + -2 + 2)/(36/(-66456))?
2, 13, 71
Suppose -2*n + 27 = 17. Suppose -n = -6*d + 7. Suppose m + 3 = o + 43, -d*m = -3*o - 78. List the prime factors of m.
2, 3, 7
Let s(t) = -2*t + 3*t - 43*t + 6*t + 57. What are the prime factors of s(-6)?
3, 7, 13
Suppose -81 = -11*a + 7575. Suppose -704*v + 9008 = -a*v. What are the prime factors of v?
2, 563
Let r(q) = 34*q - 102. Let s be r(3). Let y(j) = j**2 + 5*j + 2. Let w be y(-6). Suppose s = -11*m + w*m + 345. List the prime factors of m.
5, 23
Suppose 0*h - 61 = -h - 5*m, -2*h = -m - 67. Suppose 3*f - h = -f. What are the prime factors of (-2)/((3/(-62))/(f/12))?
31
Let o(z) be the first derivative of z**2/2 + 22*z - 19. Let g be o(-20). Suppose -b + 3*w + 31 = 6*w, 0 = g*b + 5*w - 64. What are the prime factors of b?
37
Suppose 2*t - 3*p - 99 = -t, 4*t - 122 = 2*p. Let b(f) = 37*f + 204. What are the prime factors of b(t)?
2, 5, 31
Suppose -u = -0*u - 3*l - 1, l + 27 = 3*u. Let r = u - 1. What are the prime factors of (0 + 30/r)/(4/114)?
5, 19
Suppose 0 = 2*l + 2 - 24. Suppose -l*v + 1 - 1 = 0. Suppose 3*i + 3*h - 210 = 5*h, 2*i - 4*h - 140 = v. What are the prime factors of i?
2, 5, 7
Let h(b) = 114*b + 2793. What are the prime factors of h(62)?
3, 19, 173
Let g(a) = a**3 - a**2 - 14*a. Let w(p) = -6*p + 90. Suppose -9*t + 15*t = 84. Let x be w(t). What are the prime factors of g(x)?
2, 3
What are the prime factors of -5*(180735/(-75) + 11)?
2, 3, 1999
Let t(o) = o + 19. Let l be t(-13). Let g be 60/(-15) - 1*-4. Suppose 0 = 4*r + c - 11, g = -2*r - c - 3 + l. What are the prime factors of r?
2
Let g(s) be the first derivative of s**3/3 + s**2 - 6*s + 15. Let l be g(-4). Suppose 4*i = l*i + 34. What are the prime factors of i?
17
Let h = 292 + -293. What are the prime factors of -4 - (-24)/(h - (-39)/36)?
2, 71
Let l(z) = 27*z - 87. Let g(x) = 13*x - 44. Let d(r) = 13*g(r) - 6*l(r). List the prime factors of d(11).
3
Suppose -3*s + 8*z = 12*z - 143, 2*z - 47 = -s. Suppose s*f - 6539 = 1056. List the prime factors of f.
5, 31
Let r be (-752)/(-14) + 8/28. Suppose 64*l = r*l + 8930. List the prime factors of l.
19, 47
Let f = -251 - 653. Let g = f + 1271. What are the prime factors of g?
367
Let r be 7*(48/(-21) - -4)/3. Let k(z) = 4*z**2 + 4 - 7*z + 2 + 2*z**2. What are the prime factors of k(r)?
2, 37
Let q(r) = 13*r**2 - 8*r - 21. Let v be (-11)/(24 - -9)*(-28 + 1). What are the prime factors of q(v)?
2, 3, 5
Let r(k) = 822*k**3 - 8*k**2 + 30*k - 75. What are the prime factors of r(3)?
3, 47, 157
Suppose 0 = -q - 3*q - 28. Let f = q - -8. Suppose -f + 45 = u. List the prime factors of u.
2, 11
Let r be (2 + -9)/42 + 1/6. Suppose r = 8*f - 3651 - 4133. List the prime factors of f.
7, 139
Let y(v) = -6*v**3 + 4*v**2 + v - 3. Let t be y(4). Let h(x) = -2*x**2 - 32*x - 53. Let r be h(-14). What are the prime factors of t/(-22) - r/(-2)?
2
Let f(l) = 148*l**3 + 2*l**2 - 2*l + 1. Let u be f(1). Suppose -142*q = -u*q + 8022. List the prime factors of q.
2, 3, 191
Suppose 82*b + 366265 = 1879411. List the prime factors of b.
3, 6151
Let f = 37 + -29. Let q(x) = -x**3 - 8*x**2 + 12*x - 6. Let r be q(-10). List the prime factors of r - (3 - (f + 8/(-4))).
7, 11
Suppose 51*o = 49*o - 16. Let l be 5205/25 - o/10. Let k = 432 - l. List the prime factors of k.
223
Let n be (-246)/(-5)*9*30/81. Let v = n + 146. What are the prime factors of v?
2, 5, 31
Let f be ((-3)/5 + 0)/(9/(-45)). Let p be (10/f)/(84/18 - 4). Suppose -p*i = 4*k - 510, -2*i + 4*k + 163 = -69. List the prime factors of i.
2, 53
Let y be -1*(1 + 0) - -208. Let k = y + -171. List the prime factors of k.
2, 3
Suppose 22*t = 7980 + 3152. Suppose 9*k - 3557 + t = 0. What are the prime factors of k?
3, 113
Suppose 0 = -5*f - o + 4, -o - 1 + 5 = 4*f. Let p(g) = f - g - 2*g - 1 + 4. List the prime factors of p(-4).
3, 5
Let q = -197 - -517. List the prime factors of ((-66)/15)/((-1)/q).
2, 11
Suppose 5*i + 16*i = -3213. Let v = 466 + i. What are the prime factors of v?
313
What are the prime factors of 50653/5 + 1 - ((-90)/(-75))/2?
3, 11, 307
Let c(t) = -3 + 3 + 4*t**2 + t - 3 + 2. Let r be c(-1). List the prime factors of 0 + -2 + (72 - r).
2, 17
Let m = -475 - -471. What are the prime factors of (0 - (-84)/(-8))/(m/208)?
2, 3, 7, 13
Suppose 4*c - 8 = 0, 3*c - 3938 - 5497 = -3*h. What are the prime factors of h?
7, 449
What are the prime factors of 11/(-99)*1641*-30?
2, 5, 547
Let n(v) = -v - 6. Let f be n(-6). Let u(c) = c**2 - c + 394. List the prime factors of u(f).
2, 197
Let v = 29 + -24. Suppose v*d + 0*d = -5*q + 1310, 4*q + 287 = d. Suppose 13 = 5*o + p - d, 168 = 3*o + 5*p. List the prime factors of o.
2, 7
Let d(j) = -280*j + 5674. What are the prime factors of d(-80)?
2, 3, 4679
Suppose 0 = -4*r - 3*i + 175063, 8772*r + i = 8775*r - 131320. What are the prime factors of r?
7, 13, 37
Let n = 88 + -53. Suppose n = 12*q - 7*q. Suppose q*d = d + 54. What are the prime factors of d?
3
Suppose -4*c + 8 = 0, g = -3*c - 20*c + 21576. What are the prime factors of g?
2, 5, 2153
Let c(y) = 2*y**2 - 2*y + 14. Let g be 30/(-4)*-1*2/3. Suppose 0 = -5*t - g*x + 67 - 22, 4*x = 8. What are the prime factors of c(t)?
2, 7
Suppose 4*o = -2*r + 5*r - 35, -5*o - 35 = -2*r. Suppose r*j + q - 90 + 472 = 0, 5*j + 5*q = -370. List the prime factors of (1/2)/(7/(-14)) - j.
2, 19
Suppose 374*t = 378*t + 12. What are the prime factors of (-1050)/t + 5 + -5?
2, 5, 7
Let i(b) = -2*b + 73. Let f = 18 - 32. What are the prime factors of i(f)?
101
Suppose 325*o = 332*o - 378. What are the prime factors of (-4)/(-18) - ((-28500)/o - -8)?
2, 5, 13
Let l = -163157 - -229898. List the prime factors of l.
3, 22247
What are the prime factors of 138830/12 - (-203)/(-174)?
2, 3, 241
What are the prime factors of (24 - 2555)*-6*14/12?
7, 2531
Let u = 25031 - 7883. What are the prime factors of u?
2, 3, 1429
Let u be (-18)/(-99) - (-1384)/11. Suppose -5 = -t, -u = -4*g - 4*t + 858. List the prime factors of g.
241
Let l = 12131 - 2234. List the prime factors of l.
3, 3299
Suppose -383 - 168 = -b. Let t = -210 + b. Let h = t + -232. List the prime factors of h.
109
Suppose 2*b - 209 = -215. Let k be (10/2 + -416)/b. Suppose -381 + k = -y. What are the prime factors of y?
2, 61
Suppose 0 = 4*w - 3*f - 16646, -5*w + 171*f = 175*f - 20792. List the prime factors of w.
2, 5, 13
Let r = -129 - -124. What are the prime factors of 5*(3 + -1 + (-164)/r)?
2, 3, 29
Let t(o) = -o**2 - 3*o + 7. Let z be t(-5). Let m be (-116)/(-20) + z/(-15). Suppose -420 = -m*r + 222. List the prime factors of r.
107
Suppose -21 + 24 = 3*c, -p + 1750 = 2*c. What are the prime factors of p?
2, 19, 23
Let f = 23855 + -1524. What are the prime factors of f?
137, 163
Suppose -11*u - 10*u + 90036 = -9*u. What are the prime factors of u?
3, 41, 61
Let u be ((-60)/(-42))/((-2)/(-42)). Let o = u - 57. What are the prime factors of o/(3 - 155/50)?
2, 3, 5
What are the prime factors of 72367/41 + (-82)/1681?
5, 353
Let l(v) = -v**2 + 14*v + 30. Let a be l(13). Suppose a - 87 = -2*g. Suppose g*m - 25*m = -150. List the prime factors of m.
2, 5
Let s(m) = 159*m + 111. List the prime factors of s(0).
3, 37
What are the prime factors of ((-3)/(-15))/(-3 - 5539492/(-1846495))?
52757
Suppose -2*h - f = -0*h + 477, 2*f = -3*h - 713. Let p = h + 107. Let b = p - -248. What are the prime factors of b?
2, 3, 19
Let j = 121 + -109. Suppose 30*w = 27*w + j. Suppose a + 2*a = w*i - 983, -5*i = -2*a - 1220. What are the prime factors of i?
2, 11
Let p(h) = 24*h**3 - 7*h**2 + 43*h + 11. List the prime factors of p(7).
59, 139
Suppose -2*m = 38*m - 240. List the prime factors of (-93)/m*-15 + (-2)/4.
2, 29
Let f = -405 + 8315. List the prime factors of f.
2, 5, 7, 113
What are the prime factors of 1/2*9049 - (-13 + 62/4)?
2, 7, 17, 19
Let g = -988 + 2256. List the prime factors of g.
2, 317
Suppose -3863 = -6*s + 11317. Suppose -s = -6*y - 5*y. What are the prime factors of y?
2, 5, 23
Let k(n) be the second derivative of 3*n**4/4 - 17*n**3/6 - 48*n**2 - 163*n. What are the prime factors of k(-7)?
2, 29
Let c(x) = -x - 1. Let a(j) 